2063 a composite number?
True
Is 40217 prime?
False
Is 120473 a composite number?
False
Is 37678 prime?
False
Is 21233 composite?
True
Is 42013 composite?
False
Is 521039 prime?
True
Is 1471309 composite?
True
Is 100885 a composite number?
True
Is 15817 a composite number?
False
Is 583 a prime number?
False
Is 34457 a prime number?
True
Is 1612007 a composite number?
False
Is 31877 prime?
False
Is 5793 composite?
True
Is 108685 composite?
True
Is 211331 prime?
False
Is 986177 prime?
True
Is 187841 a prime number?
False
Is 42641 prime?
True
Is 23533 a prime number?
False
Is 16603 a prime number?
True
Is 33287 a composite number?
False
Is 181459 a prime number?
True
Is 2633 a prime number?
True
Is 6899 prime?
True
Is 16495 prime?
False
Is 2819 a composite number?
False
Is 68659 a composite number?
False
Is 12623 composite?
True
Is 101267 a prime number?
True
Is 8801 a composite number?
True
Is 7355 prime?
False
Is 955139 prime?
True
Is 3047 prime?
False
Is 1219 a prime number?
False
Is 2926309 a prime number?
True
Is 2321 composite?
True
Is 63447 a prime number?
False
Is 11499 composite?
True
Is 46994 prime?
False
Is 2531 composite?
False
Is 301439 a prime number?
False
Is 538 a composite number?
True
Is 101081 a prime number?
True
Is 412105 composite?
True
Is 1727 composite?
True
Is 33559 a prime number?
False
Is 15253 a prime number?
False
Is 2047 a composite number?
True
Is 2794999 a composite number?
True
Is 145289 a prime number?
True
Is 380431 composite?
True
Is 38017 prime?
False
Is 121909 a composite number?
False
Is 1847 prime?
True
Is 107731 a composite number?
True
Is 985763 a prime number?
False
Is 16603 a composite number?
False
Is 541 composite?
False
Is 922579 a composite number?
True
Is 8353 a prime number?
True
Is 1863671 a prime number?
True
Is 144611 a prime number?
True
Is 49891 a prime number?
True
Is 521581 composite?
False
Is 49331 a composite number?
False
Is 15187 composite?
False
Is 114313 composite?
True
Is 100277 composite?
True
Is 14699 a composite number?
False
Is 926461 a prime number?
True
Is 75253 a composite number?
False
Is 1360507 composite?
False
Is 48857 a composite number?
False
Is 42611 a composite number?
False
Is 293 prime?
True
Is 5297 composite?
False
Is 14591 a composite number?
False
Is 550801 prime?
True
Is 1729643 a prime number?
False
Is 3907 prime?
True
Is 648187 a composite number?
True
Is 391331 a composite number?
False
Is 4377 a composite number?
True
Is 143647 a composite number?
True
Is 15833 a prime number?
False
Is 3184045 prime?
False
Is 278449 a prime number?
False
Is 61583 a composite number?
False
Is 573 a composite number?
True
Is 123187 prime?
False
Is 17617 prime?
False
Is 3365 prime?
False
Is 3013 composite?
True
Is 105019 composite?
False
Is 867247 a composite number?
True
Is 14367 a prime number?
False
Is 6059 prime?
False
Is 1187 a composite number?
False
Is 60511 a composite number?
True
Is 1094 a composite number?
True
Is 222193 composite?
False
Is 11923 prime?
True
Is 778391 prime?
True
Is 1738987 prime?
True
Is 31201 prime?
False
Is 372319 prime?
False
Is 594023 a prime number?
True
Is 18499 composite?
True
Is 63537 a composite number?
True
Is 406457 composite?
True
Is 861995 composite?
True
Is 557647 a composite number?
True
Is 29471 a composite number?
True
Is 307 a prime number?
True
Is 2811 prime?
False
Is 740651 prime?
True
Is 21551 prime?
False
Is 118882 prime?
False
Is 513871 composite?
False
Is 70373 composite?
False
Is 158909 a prime number?
True
Is 295403 a composite number?
True
Is 340211 composite?
False
Is 379757 prime?
False
Is 45455 prime?
False
Is 30449 a composite number?
False
Is 66587 a prime number?
True
Is 293 a composite number?
False
Is 13061 composite?
True
Is 330271 prime?
True
Is 71933 prime?
True
Is 220291 a composite number?
False
Is 10033 composite?
True
Is 422413 composite?
True
Is 20537 a prime number?
False
Is 83537 a prime number?
True
Is 1717 a prime number?
False
Is 26861 prime?
True
Is 101793 a prime number?
False
Is 54163 a composite number?
False
Is 695771 composite?
False
Is 279967 a prime number?
True
Is 1556026 a composite number?
True
Is 830833 a prime number?
True
Is 20059 composite?
True
Is 787079 composite?
False
Is 11801 a composite number?
False
Is 218543 prime?
False
Is 276079 a composite number?
False
Is 1623 composite?
True
Is 10289 a prime number?
True
Is 329903 prime?
False
Is 8999 prime?
True
Is 97211 prime?
False
Is 11099 prime?
False
Is 82543 a prime number?
False
Is 55353 composite?
True
Is 5923 prime?
True
Is 37421 a prime number?
False
Is 15817 composite?
False
Is 182153 composite?
True
Is 38635 a composite number?
True
Is 188907 a composite number?
True
Is 16855 composite?
True
Is 19301 a prime number?
True
Is 86719 a composite number?
False
Is 11443 a prime number?
True
Is 160526 a composite number?
True
Is 122663 prime?
True
Is 86285 a prime number?
False
Is 138133 composite?
True
Is 233153 composite?
True
Is 62741 composite?
True
Is 4028397 a prime number?
False
Is 4560961 composite?
False
Is 99961 prime?
True
Is 1009 a composite number?
False
Is 1123 a composite number?
False
Is 178951 prime?
True
Is 540139 prime?
True
Is 54661 prime?
False
Is 934223 composite?
False
Is 10581 prime?
False
Is 37717 a composite number?
False
Is 4201 prime?
True
Is 9091 prime?
True
Is 1636687 a prime number?
False
Is 13121 a composite number?
False
Is 99839 a composite number?
False
Is 124793 a composite number?
False
Is 1240739 a prime number?
True
Is 7061 composite?
True
Is 236669 a composite number?
True
Is 89 a prime number?
True
Is 541 a composite number?
False
Is 311447 composite?
False
Is 3242147 prime?
True
Is 182669 a composite number?
True
Is 18463 a composite number?
True
Is 53419 a composite number?
False
Is 1905197 prime?
False
Is 986237 composite?
True
Is 126067 a prime number?
True
Is 3983 a composite number?
True
Is 4099 composite?
False
Is 1062511 prime?
True
Is 10193 prime?
True
Is 533671 prime?
True
Is 7789 a prime number?
True
Is 6743 a prime number?
False
Is 46573 prime?
True
Is 1169 prime?
False
Is 195493 a prime number?
True
Is 26769 a prime number?
False
Is 1533503 prime?
True
Is 13751 a prime number?
True
Is 1056369 composite?
True
Is 7069 prime?
True
Is 22031 a prime number?
True
Is 242717 a prime number?
False
Is 4409 prime?
True
Is 380177 prime?
False
Is 638819 a prime number?
True
Is 2105069 a prime number?
True
Is 83621 a prime number?
True
Is 38543 a prime number?
True
Is 24727 a composite number?
True
Is 29117 prime?
False
Is 5899 a prime number?
False
Is 339263 prime?
True
Is 9127 prime?
True
Is 142999 composite?
True
Is 634417 a composite number?
True
Is 9311 a composite number?
False
Is 121229 a prime number?
True
Is 6433 prime?
False
Is 21214 a prime number?
False
Is 440161 a prime number?
False
Is 137177 prime?
True
Is 2301361 a composite number?
False
Is 283091 composite?
True
Is 65 a composite number?
True
Is 4331883 a composite number?
True
Is 2939 composite?
False
Is 431 a composite number?
False
Is 18923 prime?
False
Is 14081 a prime number?
True
Is 6705557 prime?
True
Is 275827 a prime number?
True
Is 39779 prime?
True
Is 108707 a composite number?
False
Is 9651 a prime number?
False
Is 19027 a prime number?
False
Is 14689 a prime number?
False
Is 1187 a composite number?
False
Is 11333 composite?
True
Is 6389 a prime number?
True
Is 1973 a composite number?
False
Is 2237 prime?
True
Is 23923 a composite number?
True
Is 11561 prime?
False
Is 293 prime?
True
Is 204745 a prime number?
False
Is 386439 a composite number?
True
Is 739786 a composite number?
True
Is 606097 a prime number?
False
Is 544543 a prime number?
True
Is 2773 composite?
True
Is 36833 composite?
False
Is 18553 composite?
False
Is 13021 prime?
False
Is 26797 a composite number?
True
Is 173177 prime?
True
Is 22303 composite?
False
Is 16301 a prime number?
True
Is 81181 composite?
False
Is 2933 composite?
True
Is 925393 a composite number?
True
Is 96023 a prime number?
False
Is 80293 a prime number?
False
Is 2513234 prime?
False
Is 698219 prime?
False
Is 62329 a prime number?
False
Is 446839 a composite number?
False
Is 8633 a prime number?
False
Is 613 prime?
True
Is 501463 a prime number?
True
Is 36185 composite?
True
